nder when 977641 is divided by 187.
5
Calculate the remainder when 689071 is divided by 229616.
223
Calculate the remainder when 9869076 is divided by 218.
216
Calculate the remainder when 13947178 is divided by 156.
154
Calculate the remainder when 3372521 is divided by 145.
111
What is the remainder when 2345360 is divided by 2329?
57
Calculate the remainder when 11083728 is divided by 11083709.
19
Calculate the remainder when 299909 is divided by 875.
659
What is the remainder when 132204238 is divided by 1428?
1426
Calculate the remainder when 766626 is divided by 6130.
376
Calculate the remainder when 18658700 is divided by 1104.
1100
What is the remainder when 2193964 is divided by 11670?
4
Calculate the remainder when 5932930 is divided by 93.
88
Calculate the remainder when 17649237 is divided by 42.
39
Calculate the remainder when 866481 is divided by 86591.
571
What is the remainder when 80417 is divided by 39859?
699
What is the remainder when 20399 is divided by 20023?
376
What is the remainder when 9441010 is divided by 9394?
40
Calculate the remainder when 1160941 is divided by 1160923.
18
Calculate the remainder when 2172690 is divided by 97.
84
What is the remainder when 14157 is divided by 1569?
36
What is the remainder when 112673175 is divided by 53?
51
What is the remainder when 1349115 is divided by 241?
238
What is the remainder when 6319 is divided by 4866?
1453
Calculate the remainder when 37736929 is divided by 14.
13
Calculate the remainder when 89170 is divided by 3831.
1057
Calculate the remainder when 25892223 is divided by 28.
7
Calculate the remainder when 1034596 is divided by 8621.
76
Calculate the remainder when 10818255 is divided by 2475.
30
What is the remainder when 233008 is divided by 25661?
2059
Calculate the remainder when 246223 is divided by 246058.
165
Calculate the remainder when 45989 is divided by 2716.
2533
What is the remainder when 7632086 is divided by 46?
42
Calculate the remainder when 3096955 is divided by 5854.
189
What is the remainder when 495614 is divided by 123807?
386
What is the remainder when 107015445 is divided by 426?
411
What is the remainder when 11641376 is divided by 34?
14
What is the remainder when 352604 is divided by 14?
0
What is the remainder when 3585927 is divided by 138?
135
What is the remainder when 5433641 is divided by 9401?
9264
Calculate the remainder when 9951912 is divided by 20.
12
Calculate the remainder when 4456653 is divided by 318332.
5
What is the remainder when 259931 is divided by 3129?
224
Calculate the remainder when 45102042 is divided by 24932.
54
What is the remainder when 10636525 is divided by 3545505?
10
What is the remainder when 118118 is divided by 58912?
294
Calculate the remainder when 13276638 is divided by 402321.
45
Calculate the remainder when 25535 is divided by 23756.
1779
Calculate the remainder when 18441 is divided by 2766.
1845
What is the remainder when 5083328 is divided by 195?
68
Calculate the remainder when 1382473 is divided by 583.
180
Calculate the remainder when 26980 is divided by 2730.
2410
What is the remainder when 5604652 is divided by 1868215?
7
What is the remainder when 50385 is divided by 833?
405
What is the remainder when 247423 is divided by 114?
43
Calculate the remainder when 396688 is divided by 196.
180
What is the remainder when 11531798 is divided by 1586?
1578
Calculate the remainder when 569273 is divided by 1659.
236
What is the remainder when 27089933 is divided by 126588?
101
What is the remainder when 829502 is divided by 255?
242
Calculate the remainder when 102387 is divided by 2863.
2182
Calculate the remainder when 188431 is divided by 1308.
79
What is the remainder when 3881747 is divided by 5794?
5561
What is the remainder when 18615586 is divided by 227?
224
Calculate the remainder when 72540581 is divided by 471.
458
Calculate the remainder when 9869112 is divided by 3289701.
9
Calculate the remainder when 238125 is divided by 5401.
481
What is the remainder when 351944 is divided by 2532?
2528
What is the remainder when 185893 is divided by 104?
45
What is the remainder when 1071976 is divided by 42875?
101
What is the remainder when 1452250 is divided by 58?
46
Calculate the remainder when 2287200 is divided by 12776.
296
What is the remainder when 2711613 is divided by 41717?
8
What is the remainder when 21393 is divided by 5715?
4248
Calculate the remainder when 532127 is divided by 742.
113
What is the remainder when 274061 is divided by 1324?
1317
Calculate the remainder when 103407 is divided by 109.
75
Calculate the remainder when 2819062198 is divided by 24.
22
What is the remainder when 717778689 is divided by 2341?
2338
Calculate the remainder when 15918729 is divided by 111.
108
What is the remainder when 154911 is divided by 812?
631
What is the remainder when 148816 is divided by 72500?
3816
What is the remainder when 95595 is divided by 876?
111
Calculate the remainder when 10062833 is divided by 234.
131
What is the remainder when 361452 is divided by 619?
575
Calculate the remainder when 796862 is divided by 28459.
10
Calculate the remainder when 143658885 is divided by 1332.
21
Calculate the remainder when 190869 is divided by 2429.
1407
Calculate the remainder when 1121231 is divided by 186870.
11
Calculate the remainder when 9554 is divided by 1581.
68
What is the remainder when 48081952 is divided by 1021?
1020
What is the remainder when 148404 is divided by 37100?
4
Calculate the remainder when 335153 is divided by 355.
33
What is the remainder when 53249 is divided by 7535?
504
Calculate the remainder when 31426 is divided by 9911.
1693
What is the remainder when 284174 is divided by 754?
670
Calculate the remainder when 8302063 is divided by 517.
77
What is the remainder when 38275 is divided by 513?
313
What is the remainder when 13692036 is divided by 971?
936
What is the remainder when 1652731 is divided by 306?
25
What is the remainder when 415753583 is divided by 1087?
1084
What is the remainder when 6095056 is divided by 28?
16
Calculate the remainder when 264586 is divided by 264573.
13
What is the remainder when 323631 is divided by 316196?
7435
Calculate the remainder when 598080 is divided by 199335.
75
What is the remainder when 4348162 is divided by 48?
34
What is the remainder when 61140 is divided by 1691?
264
Calculate the remainder when 443158583 is divided by 187.
186
What is the remainder when 61323094 is divided by 11?
8
What is the remainder when 337022 is divided by 5801?
564
What is the remainder when 304171 is divided by 23236?
2103
Calculate the remainder when 196006067 is divided by 27.
26
Calculate the remainder when 2195817 is divided by 3642.
3333
Calculate the remainder when 1783310 is divided by 891596.
118
What is the remainder when 1340695 is divided by 1999?
1365
Calculate the remainder when 1033702 is divided by 6079.
272
What is the remainder when 6045088 is divided by 117?
49
What is the remainder when 1786670 is divided by 907?
787
Calculate the remainder when 52041 is divided by 1625.
41
What is the remainder when 323165 is divided by 3893?
46
What is the remainder when 296480 is divided by 7220?
460
What is the remainder when 44100317 is divided by 58411?
12
What is the remainder when 91371047 is divided by 12?
11
What is the remainder when 11400294 is divided by 2385?
2379
Calculate the remainder when 852839 is divided by 23.
22
Calculate the remainder when 61153731 is divided by 293.
236
Calculate the remainder when 36824440 is divided by 9206104.
24
What is the remainder when 1855123 is divided by 8629?
8517
Calculate the remainder when 119073 is divided by 744.
33
Calculate the remainder when 311938 is divided by 424.
298
Calculate the remainder when 2231980 is divided by 743988.
16
What is the remainder when 95480206 is divided by 3043?
3038
Calculate the remainder when 1203280 is divided by 4813.
30
Calculate the remainder when 1466086 is divided by 28.
6
Calculate the remainder when 915643 is divided by 3052.
43
What is the remainder when 1423081 is divided by 6079?
595
Calculate the remainder when 535370 is divided by 48668.
22
Calculate the remainder when 605976 is divided by 2970.
96
Calculate the remainder w